)). Suppose 96 - f = -3*n. Let w be 5/(-15)*1*n. Calculate the highest common divisor of w and 117.
9
Let p(o) = o + 5. Let b be p(-6). Let y be 1/(b/2) + 12. Suppose 5*j - 58 = 2*z, 0 = j + 3*z + 33 - 31. Calculate the highest common divisor of j and y.
10
Let o = 100 - 60. Let m be (1/(-15 + 7 + 9))/((-2703)/(-450) - 6). Calculate the highest common divisor of m and o.
10
Suppose 5*n + 471 = 8*n - 3*w, -2*n + 289 = 3*w. Suppose 0*q + 5*q = 4*t + 36, -5*q - 5*t + 45 = 0. What is the highest common divisor of n and q?
8
Let i(c) = -c**3 - 6*c**2 - 7*c - 11. Let b be i(-5). Let t(n) = -6*n**3 - n**2 - 3*n - 2. Let m be t(b). What is the highest common divisor of 123 and m?
3
Let g = -8395 + 8577. What is the highest common factor of 12103 and g?
91
Suppose -7*l - 22646 + 22982 = 0. What is the greatest common divisor of l and 1416?
24
Let i(j) = 10*j + 2. Let m be i(2). Let c be (-1 + 2/(-6))*-6. Suppose -5*q + 3*t = -3 + c, 5*t = 25. Calculate the highest common factor of q and m.
2
Suppose -5*s + 0*z - 11 = 2*z, 5*z + 5 = -5*s. Let m be (19/3 + -4 - 4)*s. What is the greatest common divisor of 40 and m?
5
Let m be -14 - 18*(-2385)/30. What is the highest common factor of 91 and m?
13
Let g be 72/(-10)*((-30)/(-21))/((-28)/147). Calculate the greatest common factor of 17118 and g.
54
Suppose 0 = 738*f - 714*f - 74736. What is the greatest common factor of f and 90?
18
Let a(l) = 9*l**2 - 2*l + 49. Let h be a(7). Calculate the greatest common divisor of 70 and h.
14
Suppose 15*j = 15 + 75. Let z be 93/(j + (-183)/31). Calculate the highest common factor of 31 and z.
31
Suppose 177 = -50*w + 47*w. Let l = 136 + w. Calculate the highest common factor of 110 and l.
11
Let y(p) = -16*p**3 - p**2 - 3*p - 3. Let q be y(-1). Let a be (-10 - 2/1)/(q/(-20)). What is the greatest common factor of a and 16?
16
Let w(a) = -1434*a + 1562. Let t be w(0). What is the greatest common factor of 426 and t?
142
Suppose -18*t - 3*w + 284 = -13*t, -2*t = 3*w - 119. Suppose -t*g = -59*g + 32. What is the highest common factor of g and 52?
4
Suppose 9 - 154 = -3*s + 5*b, -2*b + 152 = 3*s. Let i(j) = -j**2 + 20*j + 4006. Let n be i(74). Calculate the greatest common factor of n and s.
10
Suppose 3*z = t - 0*z + 30, 2*z = 0. Let k be 6/(1 + 25/t). What is the greatest common factor of 90 and k?
18
Suppose 0 = 2*a - w - 21, 3*a - 5*w - 32 = -3*w. Let h(j) = 2*j**2 - 18*j - 13. Let d be h(a). Let i = 23 + -16. What is the greatest common factor of i and d?
7
Suppose 2*d = 11 - 3. Let r = -13154 + 13158. Calculate the greatest common divisor of d and r.
4
Let v be (-10)/(-3) - 11/33. Let h be -200*v/(-2)*1/1. Calculate the highest common factor of h and 12.
12
Let m = -2738 - -2742. What is the highest common factor of 11 and m?
1
Suppose 489 + 687 = 6*c. Suppose 0 = 87*s - 101*s + c. Calculate the highest common divisor of 301 and s.
7
Let h = 937 - 398. Suppose -136*t + 125*t + 121 = 0. Calculate the greatest common divisor of h and t.
11
Suppose 0 = -18*v + 342 - 0. Suppose -7*m - 192 = -v*m. What is the highest common divisor of m and 28?
4
Let o be (37 - 42) + 0 + 1. Let c be (-60)/(-14)*(-3 - o - -34). What is the greatest common factor of 30 and c?
30
Let o(p) = -p**2 - 17*p - 68. Let a be o(-8). Let i be (((-64)/3)/a)/((-36)/378). Calculate the highest common divisor of i and 21.
7
Let j = -16811 - -17171. Calculate the highest common divisor of 2196 and j.
36
Let c = -82 - -89. Let d be c + -14 + 5 - (0 - 44). What is the greatest common factor of d and 56?
14
Suppose 0 = -3*s + 3*z + 22 + 29, s + 2*z - 29 = 0. Let k be 0*(-1 - 0) - ((47 - 135) + 67). Calculate the highest common divisor of s and k.
21
Suppose 2*m - 2*j - 5 - 33 = 0, 0 = 4*j + 8. Let r = 304 + -253. What is the greatest common divisor of m and r?
17
Suppose 628 + 552 = 18*y - 332. Let s(c) = -32*c - 1. Let j be s(2). Let d = 121 + j. What is the highest common divisor of y and d?
28
Let z be (-3 - -2)*(1 - 20/4). Suppose -3*g = 2*r + 23, -g + z*r + 15 = -r. Let m be (10 - 15)*153/g. What is the greatest common divisor of m and 17?
17
Let z be (6 - (1 + 2)) + -2. Let r(s) = 29*s**2 + 4*s - 2. Let k be r(z). Suppose -16*l + k = -97. Calculate the greatest common factor of 4 and l.
4
Let g(v) = -v**3 + 15*v**2 - 12*v - 151. Let a be g(13). Calculate the highest common factor of 16 and a.
1
Let l = -9537 + 9641. Calculate the highest common factor of 3276 and l.
52
Let w = 185 - 88. Suppose -79 - w = -4*i. Suppose -3*m + 6 = 0, -3*m + i - 2 = 4*j. What is the highest common divisor of 171 and j?
9
Suppose -s - 4*s = 3*d - 7, -5*s + 3 = 2*d. Let t be 97 - (2/s)/(-1). Calculate the highest common factor of 5 and t.
5
Let p = -182 - -184. Suppose z - 131 = -5*g, g - z - 23 = -p*z. What is the greatest common divisor of 45 and g?
9
Let o = 30668 - 28736. What is the highest common divisor of 24 and o?
12
Let m be (7056/(-560))/((-6)/40). Calculate the highest common divisor of 6 and m.
6
Let f be ((-144)/32)/(2/4). Let s be (f - (-3 + -1)) + 6. Calculate the highest common factor of 47 and s.
1
Let h = -33970 + 34564. What is the greatest common divisor of 814 and h?
22
Let u(h) = 4*h**2 + 20*h + 10. Let d be u(-7). Calculate the greatest common divisor of 6567 and d.
33
Let q(t) = -t**3 - 11*t**2 - 131. Let r be q(-12). Suppose 2*l + l = 6. Let w be -2 - (l*-1 + -1). What is the greatest common factor of r and w?
1
Let h(b) = 55*b + 1380. Let l be h(-25). Calculate the highest common factor of l and 29.
1
Let i(o) = -2*o**3 - o**2 + 6*o - 14. Let t be i(-7). Calculate the greatest common divisor of t and 664.
83
Suppose 4*l - 8 = 4. Suppose -i + w = i - 20, -5*w = -l*i + 16. Let n be (-253)/(-3) + (3 - 6)/9. Calculate the greatest common factor of n and i.
12
Let j be (5 + 79)/7*(-1)/(-4). Suppose 0 = -3*u + h + 69, -u - 5*h = -6*h - 23. Suppose 8*c - u = 1. What is the greatest common factor of c and j?
3
Suppose 5*q - 37 = -97. Let i be 60/q - (-1 + -2). Let y be (-10)/3*(-52 + i/1). Calculate the highest common divisor of 60 and y.
60
Suppose 2681 - 9396 = -79*v. Calculate the highest common divisor of v and 221.
17
Let h = 4662 - 4358. Calculate the highest common divisor of h and 144.
16
Suppose -15*k + 17*k - 5*p = 25, 0 = -2*k - 2*p - 10. Suppose -4*l + 2*y + 17 + 21 = k, 0 = -5*l - 5*y + 10. What is the greatest common factor of l and 49?
7
Let d = -7 - -11. Suppose 0 = -d*k + 3 + 9. Let q be ((-18)/(-8))/((-84)/(-336)). Calculate the greatest common factor of q and k.
3
Let h be (1308 - (8 + -21)) + -11. What is the greatest common factor of h and 30?
10
Let d = 54 + -48. Let s be (52/d)/((-12)/(-450)). Let o be (-3)/((-8)/36 + s/1584). What is the highest common divisor of o and 22?
22
Let x(j) = j**3 + j**2 - 135*j - 20. Let i be x(-12). Calculate the highest common divisor of 112 and i.
16
Let r(a) = 5*a**2 + 20*a + 40. Let c be r(-8). Suppose -5*b - c = -5*u, -5*u + 4*b = -8*u + 120. What is the highest common divisor of 60 and u?
20
Let u be -4*(0/(-6) + -2). What is the greatest common factor of 568 and u?
8
Let u be ((-3)/2)/(36537/(-4566) - -8). Calculate the highest common factor of u and 1.
1
Let n be (47/(-9) + (-4)/(-18))*-5. Let z be 1 - -16 - (n - 28). Suppose -2 = a - 6. What is the greatest common divisor of a and z?
4
Suppose 520 = 14*b + n, 13*n - 12*n + 12 = 0. Let k be -1*5*4/(-10). Suppose k*j + 0*j - 532 = 0. What is the highest common factor of j and b?
38
Let l = -1910 + 1229. Let c = -428 - l. What is the greatest common factor of 23 and c?
23
Suppose -19*o = -21*o + 162. Suppose 5*q + t = 405, q + 2*t - o = 3*t. What is the highest common divisor of q and 9?
9
Let f(l) = -46*l - 12. Let d be (0 + 0 - 6) + 0. Let j be f(d). Let q = -69 - -93. Calculate the greatest common divisor of q and j.
24
Let v = -8 + 11. Let f(n) = n**2 + 4*n - 9. Let z = 193 + -191. Let s be f(z). Calculate the greatest common factor of s and v.
3
Suppose 2*f = 2*a - 18, -4*f + 4*a - 36 = 9*a. Let k be (-5)/(15/(-57)) - f/3. Calculate the greatest common factor of k and 341.
11
Let j be -3*1/(6/(-80)). Suppose 294*q = 3*z + 291*q - 117, 0 = 2*z - 4*q - 94. Suppose j = 3*n + z. What is the highest common divisor of n and 33?
3
Let m be ((-568)/16)/(1/(-4)). Let s = m - 117. What is the highe